 q(o) = -3*o + o**2 + 0*o - h + 3*o - 3*o. What is q(b)?
-2
Let k(d) = -138*d - 15 + 5 + 137*d - 6. What is k(-11)?
-5
Let i(c) = c**3 + 6*c**2 - 3*c + 21. Let t be i(-7). Let o(y) = y**2 + 8*y - 10. Determine o(t).
-17
Let n(l) = l + 2. Let q(r) = r - 6. Let h be q(1). Let f be 19 + h + (4/(-2) - 2). Calculate n(f).
12
Let r(x) = -x - 1. Let o(f) = -f**3 + 20*f**2 + 2*f - 32. Let l be o(20). Let z be l + -3*(4 + -3). Calculate r(z).
-6
Suppose 263*q = 285*q - 88. Let t(k) be the second derivative of 10*k - 5/3*k**3 + 0 + q*k**2 + 1/12*k**4. Calculate t(6).
-16
Let s(y) = -6*y - 45. Let n be s(-8). Let q(v) = 11*v**n + 0 + 1 + 2626*v - 2625*v. Determine q(-1).
-11
Let w(i) be the second derivative of -i**4/12 + 2*i**3/3 + 5*i**2/2 - 22*i + 2. What is w(5)?
0
Let y(v) be the second derivative of -5*v**3/6 + 5*v**2/2 + 98*v. Give y(3).
-10
Let y(u) = -8*u + 1. Suppose -4 = -4*o + 2*o, -5*g - 161 = -3*o. Let d = g + 64. Let h = d - 32. Determine y(h).
-7
Let q(k) = -k**3 - 14*k**2 - 13*k - 2. Let r(s) = s**2 + 2*s - 61. Let t be r(-8). What is q(t)?
-2
Let u(t) = -t**3 - 3*t**2 - t - 1. Let b be 205/7 + 18/(-63). Let c = 26 - b. Give u(c).
2
Let k(b) = 7*b**2 + 2*b + 2. Let r(x) = 11*x**2 + 3*x + 3. Let o(i) = 7*k(i) - 5*r(i). Let w = 773 - 774. Give o(w).
-6
Let r(x) be the third derivative of -x**4/12 - x**3/2 + 6*x**2. Let y = -6 - -15. Let w be 6/4*(-12)/y. Give r(w).
1
Let h(k) = -5*k**2 - 3*k - 4. Let z(g) = -2*g**2 - 2*g - 2. Let y be -2*28/16*2. Let w(a) = y*z(a) + 3*h(a). Let f = 9 - 3. Give w(f).
-4
Let t(q) = -q**2 + 19 - 11 - 110*q + 114*q. What is t(6)?
-4
Suppose 3*n + 2*q + 17 = 0, -4*n = -q + 3*q + 26. Let f be n/12*2/3*6. Let g(h) = -h - 7. Determine g(f).
-4
Let t(w) = 0 - 2 + w + 3 - 9*w**2. Let u(v) = -v**3 - v**2 + 7*v + 2. Let l be u(-3). What is t(l)?
-9
Let d(t) = -t**3 + 10*t**2 - 18*t + 8. Suppose 0 = 5*a - a - o - 36, 4*a - 52 = 5*o. Let y be d(a). Let z(w) = -w + 4. What is z(y)?
12
Let r(x) = x**3 - x**2 + x + 1. Let v be 5/(-16)*-4 - 50/40. Calculate r(v).
1
Let t(h) be the first derivative of 5/2*h**2 - h + 21. What is t(-3)?
-16
Let k(f) be the second derivative of f**3/6 + 8*f**2 - f - 36. Give k(-7).
9
Let g be ((-10)/165)/(10/(-110))*-3. Let v(d) be the second derivative of d**4/12 + d**2/2 - d. Determine v(g).
5
Let s = -222 + 225. Let z(g) = -g**3 + g**2 + 2*g - 3. Determine z(s).
-15
Let m(t) be the second derivative of t**3/3 + 7*t**2/2 + 2*t - 3. Determine m(6).
19
Let s = 187 + -187. Let w(c) = -c - 5. What is w(s)?
-5
Suppose 6*m + 8*m - 70 = 0. Let r(k) = -k**3 + 5*k**2 + 3*k + 9. Calculate r(m).
24
Suppose 0 = -12*t + 38*t. Let b(y) be the second derivative of t - y**2 + 7*y + 1/6*y**3. What is b(3)?
1
Let p(g) be the third derivative of -g**6/180 + g**5/40 - g**4/24 - 3*g**3/2 + g**2. Let w(v) be the first derivative of p(v). What is w(2)?
-3
Let s(i) = -5*i**2 + 5*i - 2. Let p(k) = -11*k**2 + 11*k - 5. Suppose -2*v - 41 = 5*b, 2*v = 3*v - 2. Let z = 18 + b. Let c(y) = z*s(y) - 4*p(y). Give c(-2).
-4
Let o(w) be the first derivative of 3*w**2 - 24. Calculate o(1).
6
Let k(o) be the first derivative of 0*o**2 - 7 + 1/60*o**5 + 0*o**4 - o**3 + 0*o. Let w(t) be the third derivative of k(t). Give w(-3).
-6
Let l(m) = -m**3 + 3*m**2 - 7*m + 2. Let x(u) = 49*u - 242. Let y be x(5). Give l(y).
-19
Let g(f) = -f**2 + f - 1. Let d(o) = o**2 + 2. Let t(q) = d(q) + 4*g(q). Let r be (-2)/(-11)*(-2 + 13). Give t(r).
-6
Let x(k) = 53*k - 57. Let u be x(1). Let w(l) = -3*l**2 - 2 - l**3 - 2 - l**2. What is w(u)?
-4
Let f(u) = 2*u**2 - 4*u - 10. Let v be f(4). Let i(j) = -j**3 + 8*j**2 - 6*j + 5. Give i(v).
41
Suppose -7*d + 642 = 621. Let n(u) = -3*u**2 - u - 9 + 6 + u**3 + 5*u - 3*u. Give n(d).
0
Let q be (-10)/(-45) + 470/(-9). Let n = q + 17. Let o be 20/n + 24/(-7). Let h(y) = -y**3 - 4*y**2 - 3. Give h(o).
-3
Let c(w) = 9 + 6 - 1 + 12*w. Let k be c(6). Let m(s) = -k*s**3 - 3 + 1 - 4*s**2 + 87*s**3 - 4*s. Give m(5).
3
Let y(c) be the first derivative of 3*c + 2*c**3 - 1/2*c**2 - 2 + 1/4*c**4. Determine y(-6).
9
Let s be 0 + -1 - (-21)/7. Suppose s*r = 4 - 0. Suppose -3*c = -r*c - 1. Let p(d) = -13*d - 1. Give p(c).
-14
Let y(j) = 9*j + 164*j**2 + 3 - 163*j**2 + 7. Calculate y(-5).
-10
Let r(w) = -w**2 - 21*w + 21. Suppose 4*n + 94 = 2*a, 4*n + 132 = -a + 47. Give r(n).
-1
Let t(r) = r + 13. Suppose 0 = 8*l - 5*l + 5*v + 16, 2*l = -3*v - 12. Calculate t(l).
1
Let d(x) be the second derivative of -x**5/20 + x**4/12 + x**3/6 - 2*x**2 - 105*x. Determine d(0).
-4
Let j(i) = -8*i**2 + 3*i + 4. Let h be j(-1). Let f(x) = -x**3 - 8*x**2 - 8*x - 8. Determine f(h).
-1
Let f(b) = b**2 + 4*b - 3. Let z be -8 + 11 - (0 - -28). Let p = z - -50. Suppose 0 = -4*c + 9*c + p. Calculate f(c).
2
Let j(k) = k**3 - 10*k**2 + 18*k - 17. Let z(d) = d**3 - 4*d**2 - 13*d - 48. Let y be z(7). Determine j(y).
-1
Let l be -4 + 1089/15 + 4/10. Let r = 62 - l. Let v(h) = -h**3 - 6*h**2 + 5*h - 10. Determine v(r).
4
Suppose -a + 0*a + 3 = 0, c = 4*a - 31. Let o = c + 24. Let p(z) = 2*z - 5. Give p(o).
5
Let n be 60/(-70) - 202/(-7). Let h be (0 + 24)/((-9)/(-12)). Let p = n - h. Let j(q) = -q**2 - 2*q + 5. What is j(p)?
-3
Let c be (-4558)/(-946) - 4/(-22). Let y(a) be the third derivative of 3*a**2 + 0*a - 1/8*a**4 - 5/6*a**3 - 1/15*a**5 + 0 + 1/120*a**6. Determine y(c).
5
Let s be (-274)/(-8) - 24/(-32). Let w(c) = 3*c + 29 + 0*c - s. Let m be 10/3*12/10. What is w(m)?
6
Let m(v) = v. Let n(x) = 2*x - 1. Suppose -u + 0*u - 3*l = -6, 0 = u - 5*l + 2. Let z(q) = u*n(q) - 5*m(q). What is z(3)?
0
Let l be (0 + 16)/(3 + -2). Let o = 21 - l. Let f(r) = -r + 7. Calculate f(o).
2
Let g(n) = n**3 - 7*n**2 + 7*n - 6. Let f = 4 - 1. Suppose -2*p - i - 15 = -5*p, -3*i = -2*p + f. What is g(p)?
0
Let s(g) be the third derivative of g**5/10 - g**4/8 - g**3/3 + 34*g**2. What is s(3)?
43
Let v = 19 + -15. Suppose -24 = -2*m + v*w, 0 = 5*m + 6*w - 2*w - 18. Let j(a) = -2*a**2 + 5*a**2 - 1 - m*a**3 - a**3 - 2*a - 4*a**2. Calculate j(-1).
7
Let o(n) = n - 4. Let a(k) = k - 17. Let t(w) = a(w) - 3*o(w). Determine t(-3).
1
Let c(z) = z. Let h be c(3). Let g(d) = -7 - d - 6 + h*d - d. Determine g(11).
-2
Let z(j) = 3*j**2 + 0*j + 3*j - 2*j. Let v = 39 + -27. Let q = v + -11. Calculate z(q).
4
Let r = 24 - 22. Let d(u) = -2 + 2*u - r + 3. Give d(-2).
-5
Let b(y) be the first derivative of -y**3/3 + 4*y**2 + 2*y - 415. Give b(5).
17
Let r(q) be the second derivative of q**5/20 + q**4/2 + 2*q**3/3 + 3*q**2 + 216*q + 2. Calculate r(-5).
11
Let s be 16/6 - 8/(-24). Suppose s*w = -2*d + 5*d, 4 = -d - 3*w. Let o(a) = -3*a**3 + a**2. Calculate o(d).
4
Let o(r) = 53*r**3 + 1 - 34*r**3 - 3*r**2 - 20*r**3. Calculate o(-2).
-3
Let m(y) be the third derivative of -y**6/360 + y**5/40 + y**4/8 - y**3/2 - 5*y**2. Let b(c) be the first derivative of m(c). Give b(4).
-1
Let x(u) = -u**2 - 6*u - 7. Suppose c - 77 = -3*m + m, -4*m + 160 = 4*c. Let y be m/(-7) - 1*2/(-7). Calculate x(y).
-2
Let z(s) = -7*s**2 + 23*s + 13. Let g(r) = -4*r**2 + 14*r + 7. Let b(p) = 5*g(p) - 3*z(p). Calculate b(3).
8
Let x = 9 - 5. Let q(s) = 7*s**2 - 12*s + 3. Let t(b) = -2*b + 1 + 0*b + 0*b + 4*b**2 - 4*b. Let o(u) = -3*q(u) + 5*t(u). What is o(x)?
4
Let y(x) be the first derivative of -x**3/3 - 4*x**2 + x + 10. Let k(q) = -q**2 - q. Let l(p) = -4*k(p) + y(p). What is l(3)?
16
Let p(q) = -q**3 - 3*q**2 + q + 7. Let d(a) = 5*a**3 + 15*a**2 - 4*a - 36. Let r(g) = 2*d(g) + 11*p(g). What is r(-4)?
9
Let n(q) be the first derivative of -q**2/2 - 7*q + 12. Let g(x) = 4*x**2 + 5*x + 3. Let a be g(-3). Suppose 0 = 2*h - 6*h + a. Calculate n(h).
-13
Suppose -2*d = 18 - 28. Let s(g) = -g**3 + 10*g**2 + 11*g - 10. Let p(q) = 2*q**3 - 21*q**2 - 23*q + 21. Let l(i) = -6*p(i) - 13*s(i). What is l(d)?
4
Let q(v) = -2*v - 4. Let g be -42*(0 - -7 - 817/114). What is q(g)?
-18
Let f(l) = 3 + 2*l + l - 4*l + 2. Suppose -8 + 0 = -2*r. Suppose -2*d + 3*n + 4 - 16 = 0, -r*d - 2*n = -8. Determine f(d).
5
Let w(u) = -u**3 - 14*u**2 - 38*u - 48. Let s be w(-11). Let a(x) = -2*x**2 + 5*x - 8. Let j(q) = q**2 + q + 1. Let c(b) = -a(b) - j(b). Calculate c(s).
14
Let u(z) be the third derivative of z**5/60 - z**4/3 + 3*z**3/2 - 6*z**2 - 3*z. Suppose 4*m - 4*d = -2 + 34, 2*d = -3*m + 24. What is u(m)?
9
Let w(x) = -x**3 + 3*x*